tors of 32/14 + 4/z?
2
Let d(y) = 2*y. Let j be d(1). Suppose 5*i - 3*w - 35 = j*w, -3*w + 3 = 5*i. Suppose -2*z - 5*s + 28 = i, -4*z - 5*s + 45 = 0. List the prime factors of z.
2, 5
Let y(g) = g**3 + 7*g**2 - 8*g - 5. Let i be y(-8). Let l = i - -4. What are the prime factors of (-11)/((-1 + 2)/l)?
11
Let h(k) = -18*k + 5. Suppose 20 = -0*m - 5*m. Let y be h(m). Suppose -4*f = -3*a + 5 + 53, 4*a - y = 5*f. List the prime factors of a.
2, 3
Let p(f) = -f**3 + 4 + 3 + 10*f - 4 + 6*f**2 + 0*f**3. List the prime factors of p(7).
2, 3
Let z(p) = -p**2 + 2*p + 5. Let j be z(5). Let a = j - -5. Let n = 7 - a. List the prime factors of n.
2, 3
List the prime factors of 16/64 + (403/4 - 1).
2, 5
Let z be (-2)/3 + (-181)/3. Let w = -35 - z. List the prime factors of w.
2, 13
Let k(t) = -t**3 + 15*t**2 + 10. List the prime factors of k(15).
2, 5
Let j(c) = 17*c**3 + 2*c**2 - c + 1. List the prime factors of j(2).
11, 13
Let r(l) = -l**2 - 6*l - 2. Let u be r(-5). Let a be 58 - (-5)/((-10)/(-4)). Suppose 0*c = u*c - a. What are the prime factors of c?
2, 5
Let m = 505 - 259. What are the prime factors of m?
2, 3, 41
Suppose 0*h - 8 = -2*h. Suppose h = 2*n - 0. List the prime factors of n/(-3) + (-58)/(-6).
3
Let h = 5 - -82. What are the prime factors of h?
3, 29
Let w(n) = n**3 + 2*n**2 - n + 2. Let i be w(-2). Let x = 4 - i. Suppose -4*d = 4*z - 8, x = 3*d - 4*d - 5*z - 2. List the prime factors of d.
3
Let i = -76 + 129. List the prime factors of i.
53
Let q be (-93)/12 + (-9)/(-12). Let j(t) = -t**3 - 8*t**2 - 10*t. Let c be j(q). List the prime factors of 6/(-21) - (-153)/c.
7
Let m = 195 + -71. What are the prime factors of m?
2, 31
What are the prime factors of (-2)/(2 - (-216)/(-105))?
5, 7
Suppose 3*b + 44 = 7*b. What are the prime factors of b?
11
Suppose -15 - 14 = -c - 5*b, -4*c = -b - 32. List the prime factors of c.
3
Let b(t) = -t + 11. Let o be -4*(2 + (-15)/6). Suppose -z + 9 = h, -h + 9 = o*z - 4. List the prime factors of b(h).
2, 3
Let w be 7/(2/2) + 1. Let i be -2 + 0 + 2 - w. Let z(j) = j**3 + 8*j**2 - 2*j - 8. What are the prime factors of z(i)?
2
Suppose 4*d = 6*d. Suppose d = 4*s - 56 - 24. List the prime factors of s.
2, 5
Suppose -4*o = -13*o + 126. What are the prime factors of o?
2, 7
Suppose 204 - 12 = 4*v. List the prime factors of v.
2, 3
Suppose -m = -5*m + 16. Suppose -3*j + 5*j - 5*v - 21 = 0, 0 = 3*j + m*v + 3. Suppose -17 + j = -2*u. List the prime factors of u.
7
Let r(d) = 24*d**2 + 5*d - 19. List the prime factors of r(3).
2, 53
Let l(k) = -k + 65. List the prime factors of l(-24).
89
Let q = 21 + -7. What are the prime factors of q?
2, 7
Let q be 2/(-8) - (-3)/12. Suppose -p + 12 + 3 = q. List the prime factors of p.
3, 5
Suppose 4*a - 329 = 915. List the prime factors of a.
311
Let r = 2 - 2. Suppose r = 3*x - 0 - 12. Suppose -4*c = -2*z + x*z - 14, -4*z - 4*c + 32 = 0. What are the prime factors of z?
3
Suppose 3*t = 5*j + 35, 3*j - 2*t - t = -21. What are the prime factors of (-32)/6*21/j?
2
Let a = 2 - 0. Suppose -a*f = f. Suppose -5*b = -f*u - u + 17, -u = -3*b - 11. What are the prime factors of u?
2
Suppose -z = c - 11 + 26, -3*c - 49 = 4*z. Let l = -5 - c. List the prime factors of l.
2, 3
Suppose 0 = 4*x - l - 21 - 27, 0 = 4*x - 4*l - 60. Let m = -5 + x. Suppose m = 6*w - 3*w. List the prime factors of w.
2
Let q = -4 + 4. Suppose q = -4*h - 8, -2 - 3 = -w + h. What are the prime factors of w?
3
Let l(q) = -q**2 - q + 91. List the prime factors of l(0).
7, 13
Let g(q) = 26*q - 45. List the prime factors of g(7).
137
Let r = -11 - -6. Let t = -5 - r. Suppose 2*o + g = 19, -5 = -g - t*g. What are the prime factors of o?
7
Let b(c) = 4*c**2 + 11*c + 1. Let p(o) = o**2 - 1. Let u(k) = -b(k) + 3*p(k). What are the prime factors of u(-6)?
2, 13
Let m(g) = g + 2*g + 0*g. Let t be m(5). Suppose 0 = 4*p, 0*c - 3*p - t = -3*c. List the prime factors of c.
5
What are the prime factors of (-6)/10 + 336/10?
3, 11
Let y be 1/(2/14) + -1. Suppose y*n = n + 130. List the prime factors of n.
2, 13
Suppose 0 = -a - 5*n + 3, a + 2 = 2*n + 19. What are the prime factors of a?
13
Suppose -23*z = -21*z + 3*h - 715, 1053 = 3*z - 2*h. What are the prime factors of z?
353
Let a = 12 - 7. Suppose -a*y + 2 = -8. Suppose -7*s = -2*s + 5*n - 35, 5*n = -y*s + 8. What are the prime factors of s?
3
Let i = 2 + -4. Let n = 3 + 0. List the prime factors of i/6 - (-25)/n.
2
Let m(p) = 1 + 2*p + 7*p**2 - 4*p + 31*p**2. List the prime factors of m(1).
37
Suppose -1 = q + 4. Let m = q - -13. List the prime factors of m.
2
Let l = -4 + 4. Let o be l - 2 - (-25 - 0). List the prime factors of o/4 - 2/(-8).
2, 3
Let t = -66 + 101. List the prime factors of t.
5, 7
Suppose 2*f + 1 + 7 = 0. List the prime factors of ((-4)/3)/(f/90).
2, 3, 5
List the prime factors of 1236/(-18)*-3 + -5.
3, 67
Let i(n) = n**3 - 13*n**2 + 12*n + 3. Let d be i(12). Suppose 0 = -w + p + 15, -3*p = -d*w + w + 27. Let x = w - 13. What are the prime factors of x?
5
Let a(z) = 3*z**2 + 10*z - 1. List the prime factors of a(-7).
2, 19
Suppose 6*v - 2*v = 3*i + 4, -4*i - 57 = 5*v. Let o = i - 10. Let d = o + 26. What are the prime factors of d?
2
Let v = 134 - 60. What are the prime factors of v?
2, 37
Suppose 5*u = h + 772, 0 = -3*u + 3*h - h + 466. What are the prime factors of u?
2, 7, 11
Let a = 8 - -158. What are the prime factors of a?
2, 83
Suppose -105 = 4*n + 95. Let t = n + 70. Let a = -7 + t. List the prime factors of a.
13
Let a(t) = 2*t**2 - 7*t - 3. Let v be a(7). Suppose 3*f - 2*m = v, f - 37 = -f - 5*m. What are the prime factors of f?
2
Suppose 4*n = -2*r - 16, -2*n + n = 5. Suppose -4*v = -4*h + 36, 24 = r*h + 6*v - 2*v. List the prime factors of h - 1 - (2 - 1).
2
Let h(t) = -6*t - 6. What are the prime factors of h(-3)?
2, 3
Suppose 2*x + f - 31 - 23 = 0, -2*x + 2*f = -42. What are the prime factors of x?
5
Suppose -3*m - 4*y + 106 = 0, 5*m = m - 5*y + 141. List the prime factors of m.
2, 17
Let f be 4/(-8) - (-9)/(-2). What are the prime factors of 7/(-35) + (-56)/f?
11
Let p(a) be the first derivative of a**2 - 4*a + 6. What are the prime factors of p(7)?
2, 5
Let n(r) = r**2 + r - 14. What are the prime factors of n(-7)?
2, 7
Let o(f) = 15 - f**2 + 3*f**3 - 5*f**3 + f - 3*f**3 + 4*f**3. What are the prime factors of o(0)?
3, 5
Let j be (-4)/8 - 6/(-4). Let a be 2/((-21)/(-15) - j). Suppose 0 = a*i - 19 - 1. What are the prime factors of i?
2
Suppose -32 = -12*g + 11*g. Let h = -31 + 11. Let u = g + h. What are the prime factors of u?
2, 3
Let g(t) = -5 + 15*t + 17 - 5*t**2 + 4*t**2. What are the prime factors of g(14)?
2, 13
Let f = 71 - 45. List the prime factors of f.
2, 13
Suppose 21 + 1 = 2*a. List the prime factors of a.
11
Suppose -104 = -a - 19. What are the prime factors of a?
5, 17
Let v(u) = u - 18. Let j be v(11). Let c(w) = w + 12. Let l be c(j). Suppose 3*x + 2*b + 0*b - l = 0, b + 14 = 4*x. List the prime factors of x.
3
Let u = -263 + 513. What are the prime factors of u?
2, 5
Let m(v) = -v - 1. Let j be m(-1). Suppose j*z = -2*z + 48. List the prime factors of z.
2, 3
Let f(i) = -i**3 + 2*i**2 + 3*i + 3. Let g be f(3). Suppose 5*d + 15 = 4*s, g*s - 8*d + 5*d - 12 = 0. What are the prime factors of s?
5
Suppose 3*f = -6, -2*f = -5*h + 286 + 23. List the prime factors of (h - 6)*(-4)/(-10).
2, 11
Let s be (4 + -2)/2 + 6. Suppose -3*b + s = -14. Suppose -2*i = -3 - b. What are the prime factors of i?
5
Let u be 4 + 1 + 2/(-1). What are the prime factors of 4 + (-2 - (u - 3))?
2
Let x be (-1 - 5)/((-3)/2). Suppose 0 = x*r - 16, 0 = y + y + r. List the prime factors of (-104)/(-28) - y/7.
2
Suppose 5*k = -0*k + 4*n - 7164, -2863 = 2*k + n. What are the prime factors of (-1)/(-4) + k/(-32)?
3, 5
Let l = 247 - 46. List the prime factors of l.
3, 67
Suppose 3*b + x - 2*x - 269 = 0, 3*x = -4*b + 350. What are the prime factors of b?
89
List the prime factors of (7*4)/(13/26).
2, 7
Let m(j) = j**3 - 2*j**2 - 5*j + 6. Let f be m(4). Let g(a) = a**2 + 5*a - 6. Let y be g(4). Let t = y - f. What are the prime factors of t?
2, 3
Suppose 4*i - 600 = -2*i. List the prime factors of i.
2, 5
Let z = -404 - -731. What are the prime factors of z?
3, 109
Let q(z) = 6*z + 1. What are the prime factors of q(1)?
7
Suppose -3*n + d = -15, 3*d + 5 = n + d.